{"id":2,"date":"2016-05-10T03:48:21","date_gmt":"2016-05-10T03:48:21","guid":{"rendered":"http:\/\/physiotherapie-schwedt.de\/?page_id=2"},"modified":"2025-01-12T19:15:56","modified_gmt":"2025-01-12T18:15:56","slug":"sample-page","status":"publish","type":"page","link":"https:\/\/physiotherapie-schwedt.de\/","title":{"rendered":"Startseite"},"content":{"rendered":"\n<h1 class=\"has-text-align-center wp-block-heading\"><strong>Hallo und ein herzlich willkommen <\/strong><br><strong>auf der Webseite meiner <\/strong><br><strong><span style=\"text-decoration: underline;\">Physiotherapie Norma B\u00f6ttcher<\/span><\/strong><br>in Schwedt\/Oder<\/h1>\n\n\n<p>Bei der ,,Physikalischen Therapie\u201c wird die Erwartung, dass der Name das Wesentliche beschreibt, in besonderem Ma\u00dfe erf\u00fcllt. ,,Physikalische Therapie,, leitet sich vom griechischen\u00a0 \u201ephysis\u201c = die Natur ab. Dies bedeutet, dass die Physikalische Therapie durch nat\u00fcrliche Heilverfahren einwirkt. Daraus erkl\u00e4rt sich die lange Tradition der Physikalischen Therapie. Da der Mensch der Fr\u00fchzeit sich als Teil der Natur empfand, versuchte er krankhafte Zust\u00e4nde mit den M\u00f6glichkeiten, die die Natur ihm bot, zu beeinflussen. Dieses urspr\u00fcngliche Bem\u00fchen, z.B. durch K\u00e4lte, W\u00e4rme oder bestimmte Pflanzen heilend einzuwirken, war also ein instinktives Verhalten. Es ist kein Widerspruch, dass in den sich entwickelnden Zivilisationen auch die nat\u00fcrlichen Heilverfahren an Bedeutung zunahmen. Heute k\u00f6nnen wir das Besondere der Physikalischen Therapie darin sehen, dass erst ihre Kombination mit der modernen Medizin bei der Behandlung dauerhaften Erfolg erm\u00f6glicht.<\/p>\n\n\n<a href=\"javascript:gaoo_handle_optout();\" id=\"gaoo-link\" class=\"gaoo-link-deactivate\">Verbiete Google Analytics, mich zu verfolgen<\/a>\n","protected":false},"excerpt":{"rendered":"<p>Hallo und ein herzlich willkommen auf der Webseite meiner Physiotherapie Norma B\u00f6ttcherin Schwedt\/Oder Bei der ,,Physikalischen Therapie\u201c wird die Erwartung, dass der Name das Wesentliche beschreibt, in besonderem Ma\u00dfe erf\u00fcllt. ,,Physikalische Therapie,, leitet sich vom griechischen\u00a0 \u201ephysis\u201c = die Natur ab. Dies bedeutet, dass die Physikalische Therapie durch nat\u00fcrliche Heilverfahren einwirkt. Daraus erkl\u00e4rt sich die &hellip; <\/p>\n<p class=\"link-more\"><a href=\"https:\/\/physiotherapie-schwedt.de\/\" class=\"more-link\"><span class=\"screen-reader-text\">\u201eStartseite\u201c<\/span> weiterlesen<\/a><\/p>\n","protected":false},"author":1,"featured_media":276,"parent":0,"menu_order":0,"comment_status":"closed","ping_status":"open","template":"","meta":{"_exactmetrics_skip_tracking":false,"_exactmetrics_sitenote_active":false,"_exactmetrics_sitenote_note":"","_exactmetrics_sitenote_category":0,"_monsterinsights_skip_tracking":false,"_monsterinsights_sitenote_active":false,"_monsterinsights_sitenote_note":"","_monsterinsights_sitenote_category":0,"footnotes":""},"class_list":["post-2","page","type-page","status-publish","has-post-thumbnail","hentry"],"_links":{"self":[{"href":"https:\/\/physiotherapie-schwedt.de\/index.php?rest_route=\/wp\/v2\/pages\/2","targetHints":{"allow":["GET"]}}],"collection":[{"href":"https:\/\/physiotherapie-schwedt.de\/index.php?rest_route=\/wp\/v2\/pages"}],"about":[{"href":"https:\/\/physiotherapie-schwedt.de\/index.php?rest_route=\/wp\/v2\/types\/page"}],"author":[{"embeddable":true,"href":"https:\/\/physiotherapie-schwedt.de\/index.php?rest_route=\/wp\/v2\/users\/1"}],"replies":[{"embeddable":true,"href":"https:\/\/physiotherapie-schwedt.de\/index.php?rest_route=%2Fwp%2Fv2%2Fcomments&post=2"}],"version-history":[{"count":14,"href":"https:\/\/physiotherapie-schwedt.de\/index.php?rest_route=\/wp\/v2\/pages\/2\/revisions"}],"predecessor-version":[{"id":205,"href":"https:\/\/physiotherapie-schwedt.de\/index.php?rest_route=\/wp\/v2\/pages\/2\/revisions\/205"}],"wp:featuredmedia":[{"embeddable":true,"href":"https:\/\/physiotherapie-schwedt.de\/index.php?rest_route=\/wp\/v2\/media\/276"}],"wp:attachment":[{"href":"https:\/\/physiotherapie-schwedt.de\/index.php?rest_route=%2Fwp%2Fv2%2Fmedia&parent=2"}],"curies":[{"name":"wp","href":"https:\/\/api.w.org\/{rel}","templated":true}]}}