{"id":111,"date":"2020-03-02T20:21:32","date_gmt":"2020-03-02T19:21:32","guid":{"rendered":"http:\/\/physiotherapie-schwedt.de\/?page_id=111"},"modified":"2021-11-10T11:47:36","modified_gmt":"2021-11-10T10:47:36","slug":"aktuelles","status":"publish","type":"page","link":"https:\/\/physiotherapie-schwedt.de\/?page_id=111","title":{"rendered":"Aktuelles"},"content":{"rendered":"\n<figure class=\"wp-block-table\"><table><tbody><tr><td><strong>Sehr geehrte Patient,<br><\/strong><br><strong>aus gegebenem Anlass informieren wir Sie auf diesem Weg zu folgenden Themen:<\/strong><br><\/td><td>&nbsp;<\/td><\/tr><tr><td>Wir feierten im Oktober 30 Jahre Physiotherapie Norma B\u00f6ttcher in Schwedt.<br>Ich m\u00f6chte mich ganz herzlich bei allen Patienten f\u00fcr die jahrelange Treue bedanken, bei meiner Familie und vor allem bei meinen Mitarbeitern f\u00fcr die jahrelange Unterst\u00fctzung und Zusammenarbeit.<br><br>Ihre Norma B\u00f6ttcher.<br><br>Ab November ist unser Team verst\u00e4rkt, sodass wir noch freie Termine zur Verf\u00fcgung haben.<br><br>\u00b7\u00a0\u00a0\u00a0\u00a0\u00a0\u00a0\u00a0\u00a0\u00a0Praxisinformation \u201eCorona Virus\u201c<strong> \u00a0<a rel=\"noreferrer noopener\" href=\"https:\/\/www.vpt-berlin-brb.de\/news-intern\/corona.html\" target=\"_blank\">https:\/\/www.vpt-berlin-brb.de\/news-intern\/corona.html<\/a><\/strong><br><br>\u00b7\u00a0\u00a0\u00a0\u00a0\u00a0\u00a0\u00a0\u00a0\u00a0Praxisinformation Masernschutzimpfung<strong> \u00a0<a rel=\"noreferrer noopener\" href=\"https:\/\/www.vpt-berlin-brb.de\/news-intern\/masern.html\" target=\"_blank\">https:\/\/www.vpt-berlin-brb.de\/news-intern\/masern.html<\/a><\/strong><\/td><\/tr><\/tbody><\/table><\/figure>\n\n\n\n<figure class=\"wp-block-image size-large\"><img loading=\"lazy\" decoding=\"async\" width=\"1024\" height=\"460\" src=\"https:\/\/physiotherapie-schwedt.de\/wp-content\/uploads\/2021\/11\/Praxis-1024x460.jpg\" alt=\"\" class=\"wp-image-291\" srcset=\"https:\/\/physiotherapie-schwedt.de\/wp-content\/uploads\/2021\/11\/Praxis-1024x460.jpg 1024w, https:\/\/physiotherapie-schwedt.de\/wp-content\/uploads\/2021\/11\/Praxis-300x135.jpg 300w, https:\/\/physiotherapie-schwedt.de\/wp-content\/uploads\/2021\/11\/Praxis-768x345.jpg 768w, https:\/\/physiotherapie-schwedt.de\/wp-content\/uploads\/2021\/11\/Praxis-1377x618.jpg 1377w\" sizes=\"auto, (max-width: 767px) 89vw, (max-width: 1000px) 54vw, (max-width: 1071px) 543px, 580px\" \/><\/figure>\n\n\n\n<h3 class=\"wp-block-heading\" id=\"informationen-zum-coronavirus-sars-cov-2-wie-kann-man-sich-schutzen\"><strong>Informationen zum Coronavirus SARS-CoV-2: Wie kann man sich sch\u00fctzen?<\/strong><\/h3>\n\n\n\n<figure class=\"wp-block-image\"><a href=\"https:\/\/www.vpt-berlin-brb.de\/news-intern\/corona.html\"><img decoding=\"async\" src=\"https:\/\/www.vpt-berlin-brb.de\/cms\/cache\/6316a88ff2b92506a922b05b92a34830.png\" alt=\"Article Thumb\"\/><\/a><\/figure>\n\n\n\n<h2 class=\"wp-block-heading\" id=\"information-des-vpt-news-vom-26-02-2020\">Information des VPT &#8211; News vom 26.02.2020<\/h2>\n\n\n\n<h2 class=\"wp-block-heading\" id=\"derzeit-ist-es-ratsam-bestimmte-massnahmen-einzuhalten-gute-handhygiene-husten-und-nies-etikette-sowie-abstand-zu-erkrankten-halten-diese-massnahmen-schutzen-auch-vor-anderen-akuten-atemwegserkrankungen-u-a-auch-vor-der-grippe-und-sind-somit-auch-in-anbetracht-der-grippewelle-angeraten-weitere-ausfuhrliche-informationen-zum-coronarvirus-gib-es-auf-den-seiten-des-bundesgesundheitsministeriums\">Derzeit ist es ratsam, bestimmte Ma\u00dfnahmen einzuhalten: gute Handhygiene, Husten- und Nies-Etikette sowie Abstand zu Erkrankten halten. Diese Ma\u00dfnahmen sch\u00fctzen auch vor anderen akuten Atemwegserkrankungen, u.a. auch vor der Grippe und sind somit auch in Anbetracht der Grippewelle angeraten. Weitere ausf\u00fchrliche Informationen zum Coronarvirus gib es auf den Seiten des&nbsp;<a href=\"https:\/\/www.bundesgesundheitsministerium.de\/coronavirus\">Bundesgesundheitsministeriums<\/a>.<\/h2>\n\n\n\n<p><\/p>\n\n\n\n<h1 class=\"has-text-align-center wp-block-heading\" id=\"die-wettervorhersage-fur-schwedt-oder\"><strong><a href=\"https:\/\/www.meinestadt.de\/schwedt-oder\/wetter\/vorhersage\" target=\"_blank\" rel=\"noreferrer noopener\">Die Wettervorhersage f\u00fcr Schwedt\/Oder<\/a><\/strong><\/h1>\n\n\n\n<div class=\"wp-block-image\"><figure class=\"aligncenter size-large\"><a href=\"https:\/\/www.schwedt.eu\/\"><img loading=\"lazy\" decoding=\"async\" width=\"1332\" height=\"583\" src=\"https:\/\/i1.wp.com\/physiotherapie-schwedt.de\/wp-content\/uploads\/2020\/03\/Schwedt.png?fit=525%2C230\" alt=\"\" class=\"wp-image-217\" srcset=\"https:\/\/physiotherapie-schwedt.de\/wp-content\/uploads\/2020\/03\/Schwedt.png 1332w, https:\/\/physiotherapie-schwedt.de\/wp-content\/uploads\/2020\/03\/Schwedt-300x131.png 300w, https:\/\/physiotherapie-schwedt.de\/wp-content\/uploads\/2020\/03\/Schwedt-1024x448.png 1024w, https:\/\/physiotherapie-schwedt.de\/wp-content\/uploads\/2020\/03\/Schwedt-768x336.png 768w\" sizes=\"auto, (max-width: 767px) 89vw, (max-width: 1000px) 54vw, (max-width: 1071px) 543px, 580px\" \/><\/a><figcaption>Webseite von Schwedt\/Oder<\/figcaption><\/figure><\/div>\n\n\n\n<ul class=\"wp-block-list\"><li><a rel=\"noreferrer noopener\" href=\"https:\/\/branchenbuch.meinestadt.de\/schwedt-oder\/brazl\/100-19055-19059-73644\" target=\"_blank\">Apotheke in Schwedt\/Oder<\/a><\/li><li><a rel=\"noreferrer noopener\" href=\"https:\/\/home.meinestadt.de\/schwedt-oder\/gesundheit\/notdienst-apotheke\" target=\"_blank\">Apotheken-Notdienst Schwedt\/Oder<\/a><\/li><li><a rel=\"noreferrer noopener\" href=\"https:\/\/www.meinestadt.de\/schwedt-oder\/stadtplan\/point-of-interest\/aerzte\" target=\"_blank\">\u00c4rzte in Schwedt\/Oder<\/a><\/li><li><a rel=\"noreferrer noopener\" href=\"https:\/\/home.meinestadt.de\/schwedt-oder\/gesundheit\/notdienst-arzt\" target=\"_blank\">\u00c4rztlicher Notdienst Schwedt\/Oder<\/a><\/li><li><a rel=\"noreferrer noopener\" href=\"https:\/\/tourismus.meinestadt.de\/deutschland\/checkliste-reiseapotheke\" target=\"_blank\">Checkliste: Reiseapotheke<\/a><\/li><li><a rel=\"noreferrer noopener\" href=\"https:\/\/branchenbuch.meinestadt.de\/schwedt-oder\/brazl\/100-19055-19069-60404\" target=\"_blank\">Krankenhaus &amp; Klinik in Schwedt\/Oder<\/a><\/li><li><a href=\"https:\/\/home.meinestadt.de\/schwedt-oder\/aemter\/polizei\" target=\"_blank\" rel=\"noreferrer noopener\">Polizei in Schwedt\/Oder<\/a><\/li><\/ul>\n","protected":false},"excerpt":{"rendered":"<p>Sehr geehrte Patient,aus gegebenem Anlass informieren wir Sie auf diesem Weg zu folgenden Themen: &nbsp; Wir feierten im Oktober 30 Jahre Physiotherapie Norma B\u00f6ttcher in Schwedt.Ich m\u00f6chte mich ganz herzlich bei allen Patienten f\u00fcr die jahrelange Treue bedanken, bei meiner Familie und vor allem bei meinen Mitarbeitern f\u00fcr die jahrelange Unterst\u00fctzung und Zusammenarbeit. Ihre Norma &hellip; <\/p>\n<p class=\"link-more\"><a href=\"https:\/\/physiotherapie-schwedt.de\/?page_id=111\" class=\"more-link\"><span class=\"screen-reader-text\">\u201eAktuelles\u201c<\/span> weiterlesen<\/a><\/p>\n","protected":false},"author":1,"featured_media":0,"parent":0,"menu_order":0,"comment_status":"closed","ping_status":"closed","template":"","meta":{"_exactmetrics_skip_tracking":false,"_exactmetrics_sitenote_active":false,"_exactmetrics_sitenote_note":"","_exactmetrics_sitenote_category":0,"_monsterinsights_skip_tracking":false,"_monsterinsights_sitenote_active":false,"_monsterinsights_sitenote_note":"","_monsterinsights_sitenote_category":0,"footnotes":""},"class_list":["post-111","page","type-page","status-publish","hentry"],"_links":{"self":[{"href":"https:\/\/physiotherapie-schwedt.de\/index.php?rest_route=\/wp\/v2\/pages\/111","targetHints":{"allow":["GET"]}}],"collection":[{"href":"https:\/\/physiotherapie-schwedt.de\/index.php?rest_route=\/wp\/v2\/pages"}],"about":[{"href":"https:\/\/physiotherapie-schwedt.de\/index.php?rest_route=\/wp\/v2\/types\/page"}],"author":[{"embeddable":true,"href":"https:\/\/physiotherapie-schwedt.de\/index.php?rest_route=\/wp\/v2\/users\/1"}],"replies":[{"embeddable":true,"href":"https:\/\/physiotherapie-schwedt.de\/index.php?rest_route=%2Fwp%2Fv2%2Fcomments&post=111"}],"version-history":[{"count":22,"href":"https:\/\/physiotherapie-schwedt.de\/index.php?rest_route=\/wp\/v2\/pages\/111\/revisions"}],"predecessor-version":[{"id":298,"href":"https:\/\/physiotherapie-schwedt.de\/index.php?rest_route=\/wp\/v2\/pages\/111\/revisions\/298"}],"wp:attachment":[{"href":"https:\/\/physiotherapie-schwedt.de\/index.php?rest_route=%2Fwp%2Fv2%2Fmedia&parent=111"}],"curies":[{"name":"wp","href":"https:\/\/api.w.org\/{rel}","templated":true}]}}